70).
245
Let d(v) = -v**2 + 797*v - 46199. Determine d(63).
43
Let k(o) = 15149*o + 363555. Determine k(-24).
-21
Let l(t) = -2*t**2 + 56231*t - 562163. Calculate l(10).
-53
Let t(z) = -386*z + 811. Give t(2).
39
Let w(q) = 3*q**2 - 2472*q - 311373. Calculate w(-111).
-18
Let z(n) = n**2 - 58814*n + 411634. Calculate z(7).
-15
Let n(k) = 172*k + 14106. Calculate n(-83).
-170
Let x(w) = 4*w**3 - 160*w**2 + 162*w - 6461. Give x(40).
19
Let p(t) = -103*t**2 - 628*t + 13. What is p(0)?
13
Let l(b) = 2*b**3 + 104*b**2 - 184*b - 23282. Calculate l(-49).
140
Let t(b) = -3*b**2 + 128*b + 30041. Give t(-81).
-10
Let x(i) = 2*i**2 - 537*i + 3856. Determine x(261).
-59
Let z(g) = 113*g + 5404. Calculate z(-35).
1449
Let f(n) = -n**3 - 356*n**2 + 845*n - 83311. What is f(-359)?
-23
Let i(n) = -7*n**3 - 318*n**2 - 182*n - 2125. Give i(-45).
-10
Let x(j) = -j**2 + 474*j - 39369. Give x(367).
-100
Let f(c) = -4188*c**2 - 83763*c - 55. Give f(-20).
5
Let t(p) = -14*p**2 + 40*p + 416. Determine t(7).
10
Let h(i) = 452*i**2 + 3383*i + 10142. Give h(-3).
4061
Let x(c) = -c**3 - 549*c**2 + 12554*c + 152. Determine x(22).
-24
Let j(z) = 89758*z + 269273. What is j(-3)?
-1
Let n(b) = 2200837*b + 46217577. Give n(-21).
0
Let b(c) = -831*c**2 + 12462*c + 25. Calculate b(15).
-20
Let p(w) = 2634*w - 52333. Calculate p(20).
347
Let q(w) = 481*w**2 + 14423*w + 139. Determine q(-30).
349
Let h(w) = -2944*w + 94033. Give h(32).
-175
Let r(w) = -5*w**3 - 203*w**2 - 15227*w - 627670. Calculate r(-41).
-1
Let q(z) = -z**3 - 635*z**2 - 6788*z + 47430. Determine q(-624).
6
Let u(x) = -12*x**3 + 2*x**2 - 148*x + 185. Give u(-8).
7641
Let i(n) = -54573*n - 545627. Give i(-10).
103
Let y(f) = 2*f**2 - 184*f + 47. What is y(94)?
423
Let x(j) = -68354*j + 273424. Calculate x(4).
8
Let n(f) = 36135*f - 1915423. Calculate n(53).
-268
Let d(f) = -f**3 - 20*f**2 + 188*f + 4551. Give d(-20).
791
Let v(h) = -64327*h + 385976. Give v(6).
14
Let u(l) = -9*l**3 - 19*l**2 + 384*l - 328. Determine u(-8).
-8
Let a(k) = -6*k**2 - 89*k - 297. What is a(-21)?
-1074
Let p(j) = -10*j**2 + 2737*j - 5474. Give p(2).
-40
Let a(p) = p**2 + 68*p - 14678. Determine a(-160).
42
Let s(t) = -t**3 - 10*t**2 + 1247*t + 727. What is s(31)?
-17
Let h(r) = 4081206*r - 40812054. Give h(10).
6
Let g(w) = -7*w**3 + 788*w**2 + 322*w + 154. What is g(113)?
-1767
Let q(o) = 30*o**2 + 79*o - 47. Calculate q(-4).
117
Let h(o) = -61289*o - 428831. What is h(-7)?
192
Let n(q) = 6*q**2 + 899*q - 4519. Give n(5).
126
Let h(r) = r**3 + 370*r**2 + 9400*r + 3769. Give h(-27).
16
Let b(s) = s**2 - 1019*s - 6125. Determine b(-6).
25
Let j(u) = -2*u**2 + 2610*u + 82890. Calculate j(-31).
58
Let n(y) = 2*y**2 - 114*y - 3896. Determine n(81).
-8
Let l(q) = -898*q**2 + 2878*q - 5767. Give l(2).
-3603
Let c(a) = 245*a + 48124. Calculate c(-196).
104
Let c(w) = 50319*w + 704463. What is c(-14)?
-3
Let c(o) = o**2 + 79999*o + 1439619. Determine c(-18).
-39
Let q(w) = -w**3 - 345*w**2 - 27*w - 9298. Calculate q(-345).
17
Let k(z) = -7*z**3 - 1799*z**2 - 43*z - 10978. Calculate k(-257).
73
Let g(j) = j**3 + 86*j**2 + 23*j + 1544. Calculate g(-86).
-434
Let u(s) = -69*s**2 - s - 24. What is u(-5)?
-1744
Let x(t) = -75*t**2 - 673*t - 701. Determine x(-8).
-117
Let k(a) = -a**2 + 102*a + 2617. Determine k(-20).
177
Let y(w) = -9*w**2 + 654*w - 2263. Calculate y(69).
14
Let u(j) = 66*j**2 + 28770*j + 54713. Determine u(-434).
29
Let f(n) = 8770*n - 17577. Determine f(2).
-37
Let h(c) = 7774*c - 6250288. What is h(804)?
8
Let i(x) = -2*x**3 + 36*x**2 - 43*x - 124. Determine i(17).
-277
Let f(n) = -8*n**3 + 115*n**2 - 67*n + 62. Give f(14).
-288
Let r(g) = 7*g**2 - 137*g + 387. Calculate r(7).
-229
Let x(v) = 2*v**2 - 102*v + 2379. What is x(46)?
1919
Let s(u) = u**3 + 616*u**2 + 39643*u + 2171. Calculate s(-543).
-1
Let b(h) = -1769*h - 42194. Give b(-24).
262
Let h(s) = 3*s**3 + 272*s**2 + 1437*s - 681. Calculate h(-85).
-1
Let f(j) = -1032*j - 2456. What is f(-2)?
-392
Let y(i) = -136*i + 1069. Determine y(6).
253
Let w(f) = -f**2 + 28720*f - 373290. Give w(13).
-99
Let d(w) = 273*w**3 + 3000*w**2 + 15*w - 7. Calculate d(-11).
-535
Let b(r) = -25098*r - 652536. Determine b(-26).
12
Let i(h) = -h**3 - 3*h**2 + 122*h + 77. What is i(10)?
-3
Let n(j) = -j**3 + 1221*j**2 - 1148*j - 87826. Calculate n(1220).
14
Let l(c) = -c**3 - 92*c**2 + 368*c - 1218. Determine l(-96).
318
Let b(q) = q**2 + 52513*q - 840458. Determine b(16).
6
Let x(o) = -o**3 + 6*o**2 - 12580*o + 75481. What is x(6)?
1
Let p(u) = 50*u**2 - 1167*u + 5860. Calculate p(16).
-12
Let n(h) = -7*h**3 + 406*h**2 + 782*h - 33. Calculate n(-2).
83
Let k(z) = -z**3 - 2*z**2 + 19*z + 290. Give k(-10).
900
Let p(c) = -490*c + 78877. What is p(161)?
-13
Let s(f) = -119*f - 137. What is s(3)?
-494
Let o(z) = z**3 - 29*z**2 + 192*z - 3084. Determine o(29).
2484
Let n(z) = z**3 + 50*z**2 + 306*z + 277. What is n(-43)?
62
Let v(k) = k**3 - 756*k**2 - 8395*k + 6346623. Calculate v(756).
3
Let a(f) = -20612*f + 206099. What is a(10)?
-21
Let b(y) = 3*y**3 - 30*y**2 - 98*y - 19. Calculate b(12).
-331
Let w(n) = -65110*n + 976625. Give w(15).
-25
Let x(g) = 86600*g - 259757. What is x(3)?
43
Let k(q) = 112*q**2 + 194*q + 9. Calculate k(-1).
-73
Let c(o) = 970*o - 4883. Determine c(5).
-33
Let u(w) = -310763*w + 1242962. Give u(4).
-90
Let h(b) = 14*b**3 - 233*b**2 + 362*b - 3487. Calculate h(16).
1
Let h(q) = -2*q**2 + 309*q - 9359. Determine h(112).
161
Let g(p) = -3795*p - 31. Calculate g(0).
-31
Let a(l) = -11*l**2 + 1064*l + 292. What is a(95)?
2097
Let i(d) = -305*d - 14024. Calculate i(-46).
6
Let v(n) = n**3 + 10*n**2 - 9*n + 149. Calculate v(-10).
239
Let w(g) = 6279*g + 282432. Calculate w(-45).
-123
Let f(d) = 2142*d**2 + 20*d - 5. Calculate f(0).
-5
Let o(a) = a**3 + 908*a**2 + 21340*a + 2969. What is o(-24)?
-7
Let s(t) = -1230634*t - 24612677. Determine s(-20).
3
Let f(y) = y**3 + 50*y**2 - 169*y - 507. Give f(-53).
23
Let q(h) = 242*h**2 - 6027*h + 62. Give q(25).
637
Let o(v) = -4*v**2 + 3316*v + 6635. What is o(-2)?
-13
Let g(w) = -4332*w**2 - 17255*w - 7. Calculate g(-4).
-299
Let q(g) = -1262*g - 24336. Determine q(-20).
904
Let x(m) = m**2 + 775*m - 104308. What is x(117)?
56
Let x(u) = u**2 - 473*u + 25361. Determine x(62).
-121
Let p(f) = 291*f + 81813. What is p(-282)?
-249
Let n(h) = -10*h**3 - 80*h**2 - 31*h + 12. Determine n(-5).
-583
Let w(k) = 47*k**2 - 4526*k + 4524. Determine w(1).
45
Let n(v) = -2*v**3 + 54*v**2 + 80*v + 2806. Give n(30).
-194
Let i(h) = -h**2 - 1091*h - 66673. Calculate i(-65).
17
Let g(x) = x**3 + 50*x**2 + 697*x + 2180. Determine g(-18).
2
Let f(b) = b**3 - 13*b**2 + 45*b - 356. What is f(14)?
470
Let a(c) = -289*c**2 + 12222*c - 24443. Give a(2).
-1155
Let u(r) = -866*r - 28288. Calculate u(-37).
3754
Let j(x) = 12441*x - 559848. What is j(45)?
-3
Let f(y) = -26*y**2 + 576*y - 2877. What is f(5)?
-647
Let g(j) = -3*j**2 - 899*j - 16524. Give g(-280).
-4
Let v(w) = 4*w**3 + 8*w**2 + 32*w - 35. Determine v(7).
1953
Let k(q) = q**3 + 3*q**2 + 7*q + 317. What is k(-10)?
-453
Let c(o) = 17450*o - 104733. What is c(6)?
-33
Let j(d) = 3*d**3 + 341*d**2 + 7307*d - 253. Give j(-85).
2
Let c(q) = -9420*q - 47186. Determine c(-5).
-86
Let t(r) = -2094*r + 14843. What is t(7)?
185
Let b(y) = -15599*y - 92908. Determine b(-6).
686
Let h(u) = 17*u**3 - 426*u**2 + 369*u - 8573. Determine h(25).
27
Let h(b) = -b**3 - 18*b**2 - 43*b - 943. Determine h(-21).
1283
Let f(t) = 84482*t - 1013779. What is f(12)?
5
Let i(l) = -7607*l - 464041. What is i(-61)?
-14
Let l(c) = 2823*c - 47941. Give l(17).
50
Let g(c) = -2431*c**2 - 520241*c - 1489. Calculate g(-214).
9
Let n(j) = j**2 - 793*j - 8841. Give n(-11).
3
Let u(m) = -138451*m + 276894. Calculate u(2).
-8
Let o(v) = -v**3 + v**2 + 734*v + 4397. Give o(-6).
245
Let q(j) = -2*j**3 - 242*j**2 + 372*j + 45026. What is q(-121)?
14
Let a(g) = g**3 + 8*g**2 + 147*g + 988. Calculate a(-7).
8
Let o(z) = 6*z**2 + 247*z - 7718. Give o(25).
2207
Let r(z) = z**3 + 587*z**2 + 583*z - 1747. Give r(-586).
11
Let n(y) = 28665*y + 172086. What is n(-6)?
96
Let a(h) = h**2 - 3*h - 39. What is a(-4)?
-11
Let y(u) = -u**3 + 188*u**2 + 80*u - 16326. Calculate y(188).
-1286
Let m(l) = -7490*l - 112350. Calculate m(-15).
0
Let n(q) = 